t of 19176?
6
What is the units digit of 83158?
8
What is the hundreds digit of 31624?
6
What is the thousands digit of 13561?
3
What is the tens digit of 126?
2
What is the units digit of 48343?
3
What is the units digit of 89?
9
What is the hundreds digit of 11404?
4
What is the hundreds digit of 10742?
7
What is the units digit of 9227?
7
What is the hundreds digit of 402?
4
What is the tens digit of 572?
7
What is the units digit of 55568?
8
What is the hundreds digit of 482?
4
What is the units digit of 1021?
1
What is the units digit of 323?
3
What is the hundreds digit of 6539?
5
What is the units digit of 16363?
3
What is the hundreds digit of 11336?
3
What is the tens digit of 6571?
7
What is the tens digit of 1006?
0
What is the ten thousands digit of 54316?
5
What is the units digit of 807?
7
What is the tens digit of 103909?
0
What is the units digit of 5659?
9
What is the tens digit of 1479?
7
What is the units digit of 13782?
2
What is the hundreds digit of 48027?
0
What is the thousands digit of 116229?
6
What is the units digit of 14137?
7
What is the tens digit of 61640?
4
What is the thousands digit of 62656?
2
What is the units digit of 14581?
1
What is the hundreds digit of 691?
6
What is the thousands digit of 2139?
2
What is the thousands digit of 1160?
1
What is the tens digit of 655?
5
What is the units digit of 12105?
5
What is the ten thousands digit of 11404?
1
What is the tens digit of 2360?
6
What is the tens digit of 91?
9
What is the hundreds digit of 4762?
7
What is the tens digit of 348?
4
What is the hundreds digit of 7194?
1
What is the units digit of 986?
6
What is the tens digit of 992?
9
What is the units digit of 582?
2
What is the tens digit of 2313?
1
What is the hundreds digit of 1573?
5
What is the ten thousands digit of 23255?
2
What is the tens digit of 6458?
5
What is the units digit of 502?
2
What is the ten thousands digit of 36175?
3
What is the units digit of 25325?
5
What is the units digit of 58006?
6
What is the thousands digit of 52685?
2
What is the tens digit of 4307?
0
What is the units digit of 84401?
1
What is the tens digit of 37572?
7
What is the ten thousands digit of 10880?
1
What is the thousands digit of 1578?
1
What is the tens digit of 20708?
0
What is the units digit of 23860?
0
What is the hundreds digit of 2627?
6
What is the units digit of 2049?
9
What is the hundreds digit of 769?
7
What is the ten thousands digit of 14328?
1
What is the tens digit of 25323?
2
What is the units digit of 723?
3
What is the units digit of 1281?
1
What is the hundreds digit of 4441?
4
What is the thousands digit of 1336?
1
What is the hundreds digit of 37743?
7
What is the ten thousands digit of 18301?
1
What is the hundreds digit of 9485?
4
What is the hundreds digit of 369?
3
What is the tens digit of 3125?
2
What is the tens digit of 880?
8
What is the tens digit of 23840?
4
What is the units digit of 87?
7
What is the thousands digit of 4862?
4
What is the hundreds digit of 442?
4
What is the units digit of 43134?
4
What is the units digit of 325?
5
What is the hundreds digit of 42117?
1
What is the tens digit of 7377?
7
What is the tens digit of 1372?
7
What is the hundreds digit of 16214?
2
What is the hundreds digit of 19736?
7
What is the units digit of 338?
8
What is the thousands digit of 1875?
1
What is the hundreds digit of 934?
9
What is the units digit of 723?
3
What is the tens digit of 209?
0
What is the ten thousands digit of 18239?
1
What is the tens digit of 3125?
2
What is the hundreds digit of 523?
5
What is the ten thousands digit of 26438?
2
What is the units digit of 704?
4
What is the tens digit of 17791?
9
What is the thousands digit of 9385?
9
What is the hundreds digit of 720?
7
What is the tens digit of 2412?
1
What is the units digit of 173?
3
What is the units digit of 27409?
9
What is the tens digit of 1357?
5
What is the units digit of 13740?
0
What is the tens digit of 12281?
8
What is the hundreds digit of 685?
6
What is the ten thousands digit of 22653?
2
What is the units digit of 7081?
1
What is the thousands digit of 41009?
1
What is the units digit of 1538?
8
What is the tens digit of 392?
9
What is the units digit of 19378?
8
What is the tens digit of 11003?
0
What is the units digit of 4930?
0
What is the thousands digit of 8135?
8
What is the ten thousands digit of 73433?
7
What is the tens digit of 7805?
0
What is the units digit of 5446?
6
What is the units digit of 100387?
7
What is the units digit of 3408?
8
What is the ten thousands digit of 29961?
2
What is the hundreds digit of 654?
6
What is the hundreds digit of 9174?
1
What is the tens digit of 17109?
0
What is the thousands digit of 2111?
2
What is the units digit of 8832?
2
What is the thousands digit of 91865?
1
What is the hundreds digit of 2046?
0
What is the hundreds digit of 5775?
7
What is the units digit of 121?
1
What is the tens digit of 1201?
0
What is the units digit of 23610?
0
What is the units digit of 8583?
3
What is the units digit of 3900?
0
What is the thousands digit of 1457?
1
What is the thousands digit of 37066?
7
What is the thousands digit of 6752?
6
What is the thousands digit of 16365?
6
What is the tens digit of 549?
4
What is the hundreds digit of 8572?
5
What is the units digit of 4532?
2
What is the hundreds digit of 254?
2
What is the units digit of 3057?
7
What is the tens digit of 3556?
5
What is the units digit of 17191?
1
What is the tens digit of 1691?
9
What is the thousands digit of 1428?
1
What is the thousands digit of 3344?
3
What is the tens digit of 63019?
1
What is the tens digit of 26802?
0
What is the tens digit of 253?
5
What is the hundreds digit of 53640?
6
What is the hundreds digit of 1200?
2
What is the hundreds digit of 10937?
9
What is the hundreds digit of 737?
7
What is the units digit of 2466?
6
What is the hundreds digit of 102660?
6
What is the units digit of 33595?
5
What is the hundreds digit of 1948?
9
What is the tens digit of 1573?
7
What is the tens digit of 71635?
3
What is the hundreds digit of 14542?
5
What is the tens digit of 61?
6
What is the units digit of 4763?
3
What is the hundreds digit of 3965?
9
What is the units digit of 5947?
7
What is the hundreds digit of 4981?
9
What is the thousands digit of 66397?
6
What is the tens digit of 1342?
4
What is the thousands digit of 3024?
3
What is the tens digit of 2599?
9
What is the tens digit of 658?
5
What is the units digit of 976?
6
What is the tens digit of 355?
5
What is the thousands digit of 16319?
6
What is the ten thousands digit of 38736?
3
What is the units digit of 449?
9
What is the units digit of 120190?
0
What is the units digit of 996?
6
What is the hundreds digit of 1482?
4
What is the ten thousands digit of 25498?
2
What is the units digit of 716?
6
What is the tens digit of 117456?
5
What is the tens digit of 15675?
7
What is the thousands digit of 2802?
2
What is the hundreds digit of 179?
1
What is the units digit of 3966?
6
What is the thousands digit of 5141?
5
What is the ten thousands digit of 11227?
1
What is the units digit of 450?
0
What is the hundreds digit of 2218?
2
What is the hundreds digit of 1924?
9
What is the hundreds digit of 138?
1
What is the units digit of 42345?
5
What is the units digit of 13780?
0
What is the hundreds digit of 1913?
9
What is the hundreds digit of 299?
2
What is the units digit of 1819?
9
What is the units digit of 1985?
5
What is the tens digit of 87?
8
What is the tens digit of 2053?
5
What is the tens digit of 980?
8
What is the units digit of 290?
0
What is the tens digit of 2580?
8
What is the tens digit of 233?
3
What is the tens digit of 114480?
8
What is the tens digit of 8487?
8
What is the tens digit of 381?
8
What is the thousands digit of 14346?
4
What is the units digit of 829?
9
What is the ten thousands digit of 37767?
3
What is the thousands digit of 3569?
3
What is the hundreds digit of 2479?
4
What is the thousands digit of 46864?
6
What is the hundreds digit of 816?
8
What is the tens digit of 923?
2
What is the units digit of 53471?
1
What is the ten thousands digit of 32491?
3
What is the thousands digit of 21765?
1
What is the tens digit of 1914?
1
What is the tens digit of 961?
6
Wh